{"id":688,"date":"2024-01-06T16:53:10","date_gmt":"2024-01-06T15:53:10","guid":{"rendered":"http:\/\/emstudio.fr\/?page_id=688"},"modified":"2025-05-30T22:50:31","modified_gmt":"2025-05-30T20:50:31","slug":"audio","status":"publish","type":"page","link":"https:\/\/emstudio.fr\/index.php\/audio\/","title":{"rendered":"Audio"},"content":{"rendered":"<p><img data-recalc-dims=\"1\" fetchpriority=\"high\" decoding=\"async\" width=\"950\" height=\"950\" src=\"https:\/\/i0.wp.com\/emstudio.fr\/wp-content\/uploads\/2024\/01\/podcast.jpg?resize=950%2C950&#038;ssl=1\" alt=\"\" srcset=\"https:\/\/i0.wp.com\/emstudio.fr\/wp-content\/uploads\/2024\/01\/podcast-scaled.jpg?resize=1024%2C1024 1024w, https:\/\/i0.wp.com\/emstudio.fr\/wp-content\/uploads\/2024\/01\/podcast-scaled.jpg?resize=300%2C300 300w, https:\/\/i0.wp.com\/emstudio.fr\/wp-content\/uploads\/2024\/01\/podcast-scaled.jpg?resize=150%2C150 150w, https:\/\/i0.wp.com\/emstudio.fr\/wp-content\/uploads\/2024\/01\/podcast-scaled.jpg?resize=2000%2C2000 2000w, https:\/\/i0.wp.com\/emstudio.fr\/wp-content\/uploads\/2024\/01\/podcast-scaled.jpg?resize=116%2C116 116w, https:\/\/i0.wp.com\/emstudio.fr\/wp-content\/uploads\/2024\/01\/podcast-scaled.jpg?resize=1536%2C1536 1536w, https:\/\/i0.wp.com\/emstudio.fr\/wp-content\/uploads\/2024\/01\/podcast-scaled.jpg?resize=2048%2C2048 2048w, https:\/\/i0.wp.com\/emstudio.fr\/wp-content\/uploads\/2024\/01\/podcast-scaled.jpg?w=1900 1900w\" sizes=\"100vw\" \/>\t\t\t\t\t\t\t\t\t\t\t\t\t\t\t<\/p>\n<h3><strong>R\u00e9alisation de podcast<\/strong><\/h3>\n<p>Que ce soit pour renforcer la notori\u00e9t\u00e9 de votre entreprise ou pour informer, \u00e9duquer votre public, le podcast est devenu un outil important de la communication d&rsquo;entreprise.<\/p>\n<p>Grace \u00e0 mes \u00e9tudes sup\u00e9rieures en acoustique et sonorisation et mes 25 ann\u00e9es pass\u00e9es dans le mondes de la publicit\u00e9 radio, je peux vous apporter mon expertise dans la r\u00e9alisation de podcast.<\/p>\n<h3><strong>Sonorisation<\/strong><\/h3>\n<p>Installation de syst\u00e8me de sonorisation<\/p>\n<p>Sonorisation de vos \u00e9v\u00e9nements<\/p>\n<p>\t\t\t\t\t\t\t\t\t\t\t\t\t\t\t<img data-recalc-dims=\"1\" decoding=\"async\" width=\"950\" height=\"950\" src=\"https:\/\/i0.wp.com\/emstudio.fr\/wp-content\/uploads\/2024\/01\/sonorisation.jpg?resize=950%2C950&#038;ssl=1\" alt=\"\" srcset=\"https:\/\/i0.wp.com\/emstudio.fr\/wp-content\/uploads\/2024\/01\/sonorisation.jpg?resize=1024%2C1024 1024w, https:\/\/i0.wp.com\/emstudio.fr\/wp-content\/uploads\/2024\/01\/sonorisation.jpg?resize=300%2C300 300w, https:\/\/i0.wp.com\/emstudio.fr\/wp-content\/uploads\/2024\/01\/sonorisation.jpg?resize=116%2C116 116w, https:\/\/i0.wp.com\/emstudio.fr\/wp-content\/uploads\/2024\/01\/sonorisation.jpg?resize=1536%2C1536 1536w, https:\/\/i0.wp.com\/emstudio.fr\/wp-content\/uploads\/2024\/01\/sonorisation.jpg?w=1900 1900w, https:\/\/i0.wp.com\/emstudio.fr\/wp-content\/uploads\/2024\/01\/sonorisation.jpg?w=2850 2850w\" sizes=\"100vw\" \/><\/p>\n","protected":false},"excerpt":{"rendered":"<p>R\u00e9alisation de podcast Que ce soit pour renforcer la notori\u00e9t\u00e9 de votre entreprise ou pour informer, \u00e9duquer votre public, le podcast est devenu un outil important de la communication d&rsquo;entreprise. Grace \u00e0 mes \u00e9tudes sup\u00e9rieures en acoustique et sonorisation et mes 25 ann\u00e9es pass\u00e9es dans le mondes de la publicit\u00e9 radio, je peux vous apporter &hellip; <\/p>\n<p class=\"link-more\"><a href=\"https:\/\/emstudio.fr\/index.php\/audio\/\" class=\"more-link\">Lire la suite de<span class=\"screen-reader-text\">\u00ab\u00a0Audio\u00a0\u00bb<\/span><\/a><\/p>\n","protected":false},"author":1,"featured_media":0,"parent":0,"menu_order":0,"comment_status":"closed","ping_status":"closed","template":"","meta":{"footnotes":""},"class_list":["post-688","page","type-page","status-publish","hentry"],"jetpack_sharing_enabled":true,"_links":{"self":[{"href":"https:\/\/emstudio.fr\/index.php\/wp-json\/wp\/v2\/pages\/688","targetHints":{"allow":["GET"]}}],"collection":[{"href":"https:\/\/emstudio.fr\/index.php\/wp-json\/wp\/v2\/pages"}],"about":[{"href":"https:\/\/emstudio.fr\/index.php\/wp-json\/wp\/v2\/types\/page"}],"author":[{"embeddable":true,"href":"https:\/\/emstudio.fr\/index.php\/wp-json\/wp\/v2\/users\/1"}],"replies":[{"embeddable":true,"href":"https:\/\/emstudio.fr\/index.php\/wp-json\/wp\/v2\/comments?post=688"}],"version-history":[{"count":19,"href":"https:\/\/emstudio.fr\/index.php\/wp-json\/wp\/v2\/pages\/688\/revisions"}],"predecessor-version":[{"id":712,"href":"https:\/\/emstudio.fr\/index.php\/wp-json\/wp\/v2\/pages\/688\/revisions\/712"}],"wp:attachment":[{"href":"https:\/\/emstudio.fr\/index.php\/wp-json\/wp\/v2\/media?parent=688"}],"curies":[{"name":"wp","href":"https:\/\/api.w.org\/{rel}","templated":true}]}}

<p><img data-recalc-dims="1" fetchpriority="high" decoding="async" width="950" height="950" src="https://i0.wp.com/emstudio.fr/wp-content/uploads/2024/01/podcast.jpg?resize=950%2C950&#038;ssl=1" alt="" srcset="https://i0.wp.com/emstudio.fr/wp-content/uploads/2024/01/podcast-scaled.jpg?resize=1024%2C1024 1024w, https://i0.wp.com/emstudio.fr/wp-content/uploads/2024/01/podcast-scaled.jpg?resize=300%2C300 300w, https://i0.wp.com/emstudio.fr/wp-content/uploads/2024/01/podcast-scaled.jpg?resize=150%2C150 150w, https://i0.wp.com/emstudio.fr/wp-content/uploads/2024/01/podcast-scaled.jpg?resize=2000%2C2000 2000w, https://i0.wp.com/emstudio.fr/wp-content/uploads/2024/01/podcast-scaled.jpg?resize=116%2C116 116w, https://i0.wp.com/emstudio.fr/wp-content/uploads/2024/01/podcast-scaled.jpg?resize=1536%2C1536 1536w, https://i0.wp.com/emstudio.fr/wp-content/uploads/2024/01/podcast-scaled.jpg?resize=2048%2C2048 2048w, https://i0.wp.com/emstudio.fr/wp-content/uploads/2024/01/podcast-scaled.jpg?w=1900 1900w" sizes="100vw" />															</p>
<h3><strong>Réalisation de podcast</strong></h3>
<p>Que ce soit pour renforcer la notoriété de votre entreprise ou pour informer, éduquer votre public, le podcast est devenu un outil important de la communication d&rsquo;entreprise.</p>
<p>Grace à mes études supérieures en acoustique et sonorisation et mes 25 années passées dans le mondes de la publicité radio, je peux vous apporter mon expertise dans la réalisation de podcast.</p>
<h3><strong>Sonorisation</strong></h3>
<p>Installation de système de sonorisation</p>
<p>Sonorisation de vos événements</p>
<p>															<img data-recalc-dims="1" decoding="async" width="950" height="950" src="https://i0.wp.com/emstudio.fr/wp-content/uploads/2024/01/sonorisation.jpg?resize=950%2C950&#038;ssl=1" alt="" srcset="https://i0.wp.com/emstudio.fr/wp-content/uploads/2024/01/sonorisation.jpg?resize=1024%2C1024 1024w, https://i0.wp.com/emstudio.fr/wp-content/uploads/2024/01/sonorisation.jpg?resize=300%2C300 300w, https://i0.wp.com/emstudio.fr/wp-content/uploads/2024/01/sonorisation.jpg?resize=116%2C116 116w, https://i0.wp.com/emstudio.fr/wp-content/uploads/2024/01/sonorisation.jpg?resize=1536%2C1536 1536w, https://i0.wp.com/emstudio.fr/wp-content/uploads/2024/01/sonorisation.jpg?w=1900 1900w, https://i0.wp.com/emstudio.fr/wp-content/uploads/2024/01/sonorisation.jpg?w=2850 2850w" sizes="100vw" /></p>

<p>Réalisation de podcast Que ce soit pour renforcer la notoriété de votre entreprise ou pour informer, éduquer votre public, le podcast est devenu un outil important de la communication d&rsquo;entreprise. Grace à mes études supérieures en acoustique et sonorisation et mes 25 années passées dans le mondes de la publicité radio, je peux vous apporter &hellip; </p>
<p class="link-more"><a href="https://emstudio.fr/index.php/audio/" class="more-link">Lire la suite de<span class="screen-reader-text">« Audio »</span></a></p>
